{"id":3481,"date":"2023-12-20T23:16:21","date_gmt":"2023-12-20T22:16:21","guid":{"rendered":"https:\/\/granagroup.eu\/logistik\/"},"modified":"2025-11-26T13:17:47","modified_gmt":"2025-11-26T12:17:47","slug":"logistik","status":"publish","type":"page","link":"https:\/\/granagroup.eu\/hu\/logistik\/","title":{"rendered":"Logisztika"},"content":{"rendered":"\n<p>A nemzetk\u00f6zi logisztik\u00e1t tekintve a granaagro a sz\u00e1ll\u00edt\u00e1s \u00e9s \u00e1rufuvaroz\u00e1s ter\u00e9n szerzett sok\u00e9ves tapasztalat\u00e1ra, valamint a k\u00f6z\u00fati, vas\u00fati, haj\u00f3z\u00e1si \u00e9s rakt\u00e1roz\u00e1si logisztikai v\u00e1llalatok professzion\u00e1lis \u00e9s er\u0151s h\u00e1l\u00f3zat\u00e1ra t\u00e1maszkodik. Az \u00fcgyfeleket minden l\u00e9p\u00e9sn\u00e9l kiv\u00e1l\u00f3an k\u00e9pzett \u00e9s t\u00f6bbnyelv\u0171 munkat\u00e1rsakb\u00f3l \u00e1ll\u00f3 csapat k\u00eds\u00e9ri, hogy a szolg\u00e1ltat\u00e1sokat az \u0151 egy\u00e9ni ig\u00e9nyeikhez igaz\u00edthassuk.<strong><\/strong><\/p>\n\n\n\n<p>H\u00e1l\u00f3zatunkkal egy\u00fcttm\u0171k\u00f6dve szem\u00e9lyre szabott sz\u00e1ll\u00edt\u00e1si megold\u00e1sokat k\u00edn\u00e1lunk, valamint er\u0151s \u00e9s megb\u00edzhat\u00f3 kapcsolatokat biztos\u00edtunk a p\u00e9nzforgalmi m\u0171veletekhez.<\/p>\n\n\n\n<hr class=\"wp-block-separator has-alpha-channel-opacity is-style-dots\"\/>\n\n\n\n<h3 class=\"wp-block-heading\">Az \u00d6n kapcsolattart\u00f3ja a logisztika ter\u00e9n<\/h3>\n\n\n\n<div class=\"wp-block-columns\">\n<div class=\"wp-block-column\">\n<p>Head of Operations International<\/p>\n<\/div>\n\n\n\n<div class=\"wp-block-column\">\n<p>Teamlead logistics Kiefersfelden<\/p>\n<\/div>\n\n\n\n<div class=\"wp-block-column\">\n<p>Teamlead logistics L\u00f6rrach<\/p>\n<\/div>\n<\/div>\n\n\n\n<div class=\"wp-block-columns\">\n<div class=\"wp-block-column\">\n<div class=\"wp-block-cloudweb-person-card is-style-with-languages wp-block-cloudweb-person-card-dynamic\">\n\t<div class=\"person-card-info\">\n\t\t<div class=\"person-card-image\">\n\t\t\t<img decoding=\"async\" src=\"https:\/\/granagroup.eu\/wp-content\/uploads\/2023\/12\/Jumuga_Alexandru_GRANA_2023.jpg\" alt=\"\" width=\"800\" height=\"800\" loading=\"lazy\" \/>\t\t<\/div>\n\t\t<div class=\"person-card-details\">\n\t\t\t<h2 class=\"person-card-name\">Alexandru Jumuga<\/h2>\n\t\t\t<p class=\"person-card-detail\">Head of Operations International \/  Member of the extended Managing board<\/p><\/div>\n\t<\/div>\n\t<div class=\"person-card-contact\">\n\t\t\t\t\t<p class=\"person-card-phone\">\n\t\t\t\t<a href=\"tel:+4980333046615\" itemprop=\"telephone\" title=\"Call us\">+49 8033 304 66 15<\/a>\t\t\t<\/p>\n\t\t\t\t\t\t\t\t\t\t\t\t\t\t<p class=\"person-card-mobile\">\n\t\t\t\t\t<a href=\"tel:+4915156590298\" itemprop=\"telephone\" title=\"Call us\">+49 151 565 90 298<\/a>\t\t\t\t<\/p>\n\t\t\t\t\t\t\t\t\t\t<p class=\"person-card-mail\">\n\t\t\t\t<a href=\"mailto:%61%6c&#101;x&#97;&#110;%64ru&#46;%6au%6d%75%67a&#64;&#103;&#114;a%6e%61&#103;r%6fup.&#101;%75\" title=\"Email us\" itemprop=\"email\">&#97;&#108;e&#120;andr&#117;.&#106;&#117;m&#117;ga&#64;&#103;ran&#97;g&#114;&#111;&#117;p.&#101;u<\/a>\t\t\t<\/p>\n\t\t\n\t<\/div>\n\t\t\t<div class=\"person-card-languages\">\n\t\t\t<span>Languages<\/span>\n\t\t\t<ul class=\"languages-list\">\n\t\t\t\t\t\t\t\t\t<li><i class=\"icon-lang icon-lang-ro\"><\/i><\/li>\n\t\t\t\t\t\t\t\t\t<li><i class=\"icon-lang icon-lang-de\"><\/i><\/li>\n\t\t\t\t\t\t\t\t\t<li><i class=\"icon-lang icon-lang-en\"><\/i><\/li>\n\t\t\t\t\t\t\t<\/ul>\n\t\t<\/div>\n\t<\/div>\n<\/div>\n\n\n\n<div class=\"wp-block-column\">\n<div class=\"wp-block-cloudweb-person-card is-style-with-languages wp-block-cloudweb-person-card-dynamic\">\n\t<div class=\"person-card-info\">\n\t\t<div class=\"person-card-image\">\n\t\t\t<img decoding=\"async\" src=\"https:\/\/granagroup.eu\/wp-content\/uploads\/2025\/12\/MA-Fotos-4.jpg\" alt=\"\" width=\"658\" height=\"658\" loading=\"lazy\" \/>\t\t<\/div>\n\t\t<div class=\"person-card-details\">\n\t\t\t<h2 class=\"person-card-name\">Calogero Antonino Barone<\/h2>\n\t\t\t<p class=\"person-card-detail\">Standortleitung \/ Teamleitung Abwicklung und Logistik<\/p><\/div>\n\t<\/div>\n\t<div class=\"person-card-contact\">\n\t\t\t\t\t<p class=\"person-card-phone\">\n\t\t\t\t<a href=\"tel:+4980333046600\" itemprop=\"telephone\" title=\"Call us\">+49 8033 304 66 00<\/a>\t\t\t<\/p>\n\t\t\t\t\t\t\t\t\t\t\t\t\t\t<p class=\"person-card-mobile\">\n\t\t\t\t\t<a href=\"tel:+4915141491554\" itemprop=\"telephone\" title=\"Call us\">+49 1514 149 15 54<\/a>\t\t\t\t<\/p>\n\t\t\t\t\t\t\t\t\t\t<p class=\"person-card-mail\">\n\t\t\t\t<a href=\"mailto:&#99;alo&#103;%65r%6f&#46;&#98;%61&#114;o%6e%65&#64;&#103;r%61nag%72%6f%75%70.&#101;%75\" title=\"Email us\" itemprop=\"email\">ca&#108;&#111;ge&#114;o&#46;b&#97;r&#111;ne&#64;&#103;&#114;a&#110;agro&#117;&#112;.eu<\/a>\t\t\t<\/p>\n\t\t\n\t<\/div>\n\t\t\t<div class=\"person-card-languages\">\n\t\t\t<span>Languages<\/span>\n\t\t\t<ul class=\"languages-list\">\n\t\t\t\t\t\t\t\t\t<li><i class=\"icon-lang icon-lang-de\"><\/i><\/li>\n\t\t\t\t\t\t\t\t\t<li><i class=\"icon-lang icon-lang-it\"><\/i><\/li>\n\t\t\t\t\t\t\t\t\t<li><i class=\"icon-lang icon-lang-en\"><\/i><\/li>\n\t\t\t\t\t\t\t\t\t<li><i class=\"icon-lang icon-lang-fr\"><\/i><\/li>\n\t\t\t\t\t\t\t<\/ul>\n\t\t<\/div>\n\t<\/div>\n<\/div>\n\n\n\n<div class=\"wp-block-column\">\n<div class=\"wp-block-cloudweb-person-card is-style-with-languages wp-block-cloudweb-person-card-dynamic\">\n\t<div class=\"person-card-info\">\n\t\t<div class=\"person-card-image\">\n\t\t\t<img decoding=\"async\" src=\"https:\/\/granagroup.eu\/wp-content\/uploads\/2023\/12\/Sabrina_Chaillaud_GRANA_2023.jpg\" alt=\"\" width=\"800\" height=\"800\" loading=\"lazy\" \/>\t\t<\/div>\n\t\t<div class=\"person-card-details\">\n\t\t\t<h2 class=\"person-card-name\">Sabrina Chaillaud<\/h2>\n\t\t\t<p class=\"person-card-detail\">Teamleiterin Logistik \/ Vertragsabwicklung<\/p><\/div>\n\t<\/div>\n\t<div class=\"person-card-contact\">\n\t\t\t\t\t<p class=\"person-card-phone\">\n\t\t\t\t<a href=\"tel:+4976215879025\" itemprop=\"telephone\" title=\"Call us\">+49 7621 587 90 25<\/a>\t\t\t<\/p>\n\t\t\t\t\t\t\t\t\t\t\t\t\t\t\t\t\t<p class=\"person-card-mail\">\n\t\t\t\t<a href=\"mailto:%73&#97;%62&#114;&#105;%6ea&#46;%63%68&#97;illau&#100;&#64;%67rana&#103;&#114;o&#117;p%2e&#101;&#117;\" title=\"Email us\" itemprop=\"email\">&#115;a&#98;rin&#97;&#46;cha&#105;ll&#97;u&#100;&#64;gr&#97;nagr&#111;u&#112;&#46;e&#117;<\/a>\t\t\t<\/p>\n\t\t\n\t<\/div>\n\t\t\t<div class=\"person-card-languages\">\n\t\t\t<span>Languages<\/span>\n\t\t\t<ul class=\"languages-list\">\n\t\t\t\t\t\t\t\t\t<li><i class=\"icon-lang icon-lang-fr\"><\/i><\/li>\n\t\t\t\t\t\t\t\t\t<li><i class=\"icon-lang icon-lang-de\"><\/i><\/li>\n\t\t\t\t\t\t\t\t\t<li><i class=\"icon-lang icon-lang-en\"><\/i><\/li>\n\t\t\t\t\t\t\t<\/ul>\n\t\t<\/div>\n\t<\/div>\n<\/div>\n<\/div>\n\n\n\n<div class=\"wp-block-columns\">\n<div class=\"wp-block-column\">\n<p>Teamlead logistics Bio Berlin<\/p>\n<\/div>\n\n\n\n<div class=\"wp-block-column\"><\/div>\n\n\n\n<div class=\"wp-block-column\"><\/div>\n<\/div>\n\n\n\n<div class=\"wp-block-columns\">\n<div class=\"wp-block-column\">\n<div class=\"wp-block-cloudweb-person-card is-style-with-languages wp-block-cloudweb-person-card-dynamic\">\n\t<div class=\"person-card-info\">\n\t\t<div class=\"person-card-image\">\n\t\t\t<img decoding=\"async\" src=\"https:\/\/granagroup.eu\/wp-content\/uploads\/2023\/12\/Nabe_Mykola_GRANA_2022.jpg\" alt=\"\" width=\"800\" height=\"800\" loading=\"lazy\" \/>\t\t<\/div>\n\t\t<div class=\"person-card-details\">\n\t\t\t<h2 class=\"person-card-name\">Mykola Nabe<\/h2>\n\t\t\t<p class=\"person-card-detail\">Teamleiter Logistik \/ Vertragsabwicklung<\/p><\/div>\n\t<\/div>\n\t<div class=\"person-card-contact\">\n\t\t\t\t\t<p class=\"person-card-phone\">\n\t\t\t\t<a href=\"tel:+4930300109807\" itemprop=\"telephone\" title=\"Call us\">+49 303 0010 9807<\/a>\t\t\t<\/p>\n\t\t\t\t\t\t\t\t\t\t\t\t\t\t<p class=\"person-card-mobile\">\n\t\t\t\t\t<a href=\"tel:+491704500221\" itemprop=\"telephone\" title=\"Call us\">+49 170 4500 221<\/a>\t\t\t\t<\/p>\n\t\t\t\t\t\t\t\t\t\t<p class=\"person-card-mail\">\n\t\t\t\t<a href=\"mailto:m&#121;&#107;&#111;l&#97;%2e%6e&#97;%62%65&#64;%67%72&#97;&#110;&#97;&#103;&#114;&#111;%75p.%65&#117;\" title=\"Email us\" itemprop=\"email\">&#109;&#121;&#107;&#111;la.nab&#101;&#64;&#103;r&#97;&#110;a&#103;roup&#46;&#101;&#117;<\/a>\t\t\t<\/p>\n\t\t\n\t<\/div>\n\t\t\t<div class=\"person-card-languages\">\n\t\t\t<span>Languages<\/span>\n\t\t\t<ul class=\"languages-list\">\n\t\t\t\t\t\t\t\t\t<li><i class=\"icon-lang icon-lang-de\"><\/i><\/li>\n\t\t\t\t\t\t\t\t\t<li><i class=\"icon-lang icon-lang-uk\"><\/i><\/li>\n\t\t\t\t\t\t\t\t\t<li><i class=\"icon-lang icon-lang-ru\"><\/i><\/li>\n\t\t\t\t\t\t\t<\/ul>\n\t\t<\/div>\n\t<\/div>\n<\/div>\n\n\n\n<div class=\"wp-block-column\"><\/div>\n\n\n\n<div class=\"wp-block-column\"><\/div>\n<\/div>\n\n\n\n<p><\/p>\n","protected":false},"excerpt":{"rendered":"<p>A nemzetk\u00f6zi logisztik\u00e1t tekintve a granaagro a sz\u00e1ll\u00edt\u00e1s \u00e9s \u00e1rufuvaroz\u00e1s ter\u00e9n szerzett sok\u00e9ves tapasztalat\u00e1ra, valamint a k\u00f6z\u00fati, vas\u00fati, haj\u00f3z\u00e1si \u00e9s rakt\u00e1roz\u00e1si logisztikai v\u00e1llalatok professzion\u00e1lis \u00e9s er\u0151s h\u00e1l\u00f3zat\u00e1ra t\u00e1maszkodik. Az \u00fcgyfeleket minden l\u00e9p\u00e9sn\u00e9l kiv\u00e1l\u00f3an k\u00e9pzett \u00e9s t\u00f6bbnyelv\u0171 munkat\u00e1rsakb\u00f3l \u00e1ll\u00f3 csapat k\u00eds\u00e9ri, hogy a szolg\u00e1ltat\u00e1sokat az \u0151 egy\u00e9ni ig\u00e9nyeikhez igaz\u00edthassuk. H\u00e1l\u00f3zatunkkal egy\u00fcttm\u0171k\u00f6dve szem\u00e9lyre szabott sz\u00e1ll\u00edt\u00e1si megold\u00e1sokat k\u00edn\u00e1lunk, [&hellip;]<\/p>\n","protected":false},"author":4,"featured_media":0,"parent":0,"menu_order":0,"comment_status":"closed","ping_status":"closed","template":"","meta":{"_acf_changed":false,"inline_featured_image":false,"_genesis_hide_title":false,"_genesis_hide_breadcrumbs":false,"_genesis_hide_singular_image":false,"_genesis_hide_footer_widgets":false,"_genesis_custom_body_class":"","_genesis_custom_post_class":"","_genesis_layout":"","footnotes":""},"class_list":{"0":"post-3481","1":"page","2":"type-page","3":"status-publish","5":"entry"},"acf":[],"_links":{"self":[{"href":"https:\/\/granagroup.eu\/hu\/wp-json\/wp\/v2\/pages\/3481","targetHints":{"allow":["GET"]}}],"collection":[{"href":"https:\/\/granagroup.eu\/hu\/wp-json\/wp\/v2\/pages"}],"about":[{"href":"https:\/\/granagroup.eu\/hu\/wp-json\/wp\/v2\/types\/page"}],"author":[{"embeddable":true,"href":"https:\/\/granagroup.eu\/hu\/wp-json\/wp\/v2\/users\/4"}],"replies":[{"embeddable":true,"href":"https:\/\/granagroup.eu\/hu\/wp-json\/wp\/v2\/comments?post=3481"}],"version-history":[{"count":0,"href":"https:\/\/granagroup.eu\/hu\/wp-json\/wp\/v2\/pages\/3481\/revisions"}],"wp:attachment":[{"href":"https:\/\/granagroup.eu\/hu\/wp-json\/wp\/v2\/media?parent=3481"}],"curies":[{"name":"wp","href":"https:\/\/api.w.org\/{rel}","templated":true}]}}

<p>A nemzetközi logisztikát tekintve a granaagro a szállítás és árufuvarozás terén szerzett sokéves tapasztalatára, valamint a közúti, vasúti, hajózási és raktározási logisztikai vállalatok professzionális és erős hálózatára támaszkodik. Az ügyfeleket minden lépésnél kiválóan képzett és többnyelvű munkatársakból álló csapat kíséri, hogy a szolgáltatásokat az ő egyéni igényeikhez igazíthassuk.<strong></strong></p>



<p>Hálózatunkkal együttműködve személyre szabott szállítási megoldásokat kínálunk, valamint erős és megbízható kapcsolatokat biztosítunk a pénzforgalmi műveletekhez.</p>



<hr class="wp-block-separator has-alpha-channel-opacity is-style-dots"/>



<h3 class="wp-block-heading">Az Ön kapcsolattartója a logisztika terén</h3>



<div class="wp-block-columns">
<div class="wp-block-column">
<p>Head of Operations International</p>
</div>



<div class="wp-block-column">
<p>Teamlead logistics Kiefersfelden</p>
</div>



<div class="wp-block-column">
<p>Teamlead logistics Lörrach</p>
</div>
</div>



<div class="wp-block-columns">
<div class="wp-block-column">
<div class="wp-block-cloudweb-person-card is-style-with-languages wp-block-cloudweb-person-card-dynamic">
	<div class="person-card-info">
		<div class="person-card-image">
			<img decoding="async" src="https://granagroup.eu/wp-content/uploads/2023/12/Jumuga_Alexandru_GRANA_2023.jpg" alt="" width="800" height="800" loading="lazy" />		</div>
		<div class="person-card-details">
			<h2 class="person-card-name">Alexandru Jumuga</h2>
			<p class="person-card-detail">Head of Operations International /  Member of the extended Managing board</p></div>
	</div>
	<div class="person-card-contact">
					<p class="person-card-phone">
				<a href="tel:+4980333046615" itemprop="telephone" title="Call us">+49 8033 304 66 15</a>			</p>
														<p class="person-card-mobile">
					<a href="tel:+4915156590298" itemprop="telephone" title="Call us">+49 151 565 90 298</a>				</p>
										<p class="person-card-mail">
				<a href="mailto:%61%6c&#101;x&#97;&#110;%64ru&#46;%6au%6d%75%67a&#64;&#103;&#114;a%6e%61&#103;r%6fup.&#101;%75" title="Email us" itemprop="email">&#97;&#108;e&#120;andr&#117;.&#106;&#117;m&#117;ga&#64;&#103;ran&#97;g&#114;&#111;&#117;p.&#101;u</a>			</p>
		
	</div>
			<div class="person-card-languages">
			<span>Languages</span>
			<ul class="languages-list">
									<li><i class="icon-lang icon-lang-ro"></i></li>
									<li><i class="icon-lang icon-lang-de"></i></li>
									<li><i class="icon-lang icon-lang-en"></i></li>
							</ul>
		</div>
	</div>
</div>



<div class="wp-block-column">
<div class="wp-block-cloudweb-person-card is-style-with-languages wp-block-cloudweb-person-card-dynamic">
	<div class="person-card-info">
		<div class="person-card-image">
			<img decoding="async" src="https://granagroup.eu/wp-content/uploads/2025/12/MA-Fotos-4.jpg" alt="" width="658" height="658" loading="lazy" />		</div>
		<div class="person-card-details">
			<h2 class="person-card-name">Calogero Antonino Barone</h2>
			<p class="person-card-detail">Standortleitung / Teamleitung Abwicklung und Logistik</p></div>
	</div>
	<div class="person-card-contact">
					<p class="person-card-phone">
				<a href="tel:+4980333046600" itemprop="telephone" title="Call us">+49 8033 304 66 00</a>			</p>
														<p class="person-card-mobile">
					<a href="tel:+4915141491554" itemprop="telephone" title="Call us">+49 1514 149 15 54</a>				</p>
										<p class="person-card-mail">
				<a href="mailto:&#99;alo&#103;%65r%6f&#46;&#98;%61&#114;o%6e%65&#64;&#103;r%61nag%72%6f%75%70.&#101;%75" title="Email us" itemprop="email">ca&#108;&#111;ge&#114;o&#46;b&#97;r&#111;ne&#64;&#103;&#114;a&#110;agro&#117;&#112;.eu</a>			</p>
		
	</div>
			<div class="person-card-languages">
			<span>Languages</span>
			<ul class="languages-list">
									<li><i class="icon-lang icon-lang-de"></i></li>
									<li><i class="icon-lang icon-lang-it"></i></li>
									<li><i class="icon-lang icon-lang-en"></i></li>
									<li><i class="icon-lang icon-lang-fr"></i></li>
							</ul>
		</div>
	</div>
</div>



<div class="wp-block-column">
<div class="wp-block-cloudweb-person-card is-style-with-languages wp-block-cloudweb-person-card-dynamic">
	<div class="person-card-info">
		<div class="person-card-image">
			<img decoding="async" src="https://granagroup.eu/wp-content/uploads/2023/12/Sabrina_Chaillaud_GRANA_2023.jpg" alt="" width="800" height="800" loading="lazy" />		</div>
		<div class="person-card-details">
			<h2 class="person-card-name">Sabrina Chaillaud</h2>
			<p class="person-card-detail">Teamleiterin Logistik / Vertragsabwicklung</p></div>
	</div>
	<div class="person-card-contact">
					<p class="person-card-phone">
				<a href="tel:+4976215879025" itemprop="telephone" title="Call us">+49 7621 587 90 25</a>			</p>
																	<p class="person-card-mail">
				<a href="mailto:%73&#97;%62&#114;&#105;%6ea&#46;%63%68&#97;illau&#100;&#64;%67rana&#103;&#114;o&#117;p%2e&#101;&#117;" title="Email us" itemprop="email">&#115;a&#98;rin&#97;&#46;cha&#105;ll&#97;u&#100;&#64;gr&#97;nagr&#111;u&#112;&#46;e&#117;</a>			</p>
		
	</div>
			<div class="person-card-languages">
			<span>Languages</span>
			<ul class="languages-list">
									<li><i class="icon-lang icon-lang-fr"></i></li>
									<li><i class="icon-lang icon-lang-de"></i></li>
									<li><i class="icon-lang icon-lang-en"></i></li>
							</ul>
		</div>
	</div>
</div>
</div>



<div class="wp-block-columns">
<div class="wp-block-column">
<p>Teamlead logistics Bio Berlin</p>
</div>



<div class="wp-block-column"></div>



<div class="wp-block-column"></div>
</div>



<div class="wp-block-columns">
<div class="wp-block-column">
<div class="wp-block-cloudweb-person-card is-style-with-languages wp-block-cloudweb-person-card-dynamic">
	<div class="person-card-info">
		<div class="person-card-image">
			<img decoding="async" src="https://granagroup.eu/wp-content/uploads/2023/12/Nabe_Mykola_GRANA_2022.jpg" alt="" width="800" height="800" loading="lazy" />		</div>
		<div class="person-card-details">
			<h2 class="person-card-name">Mykola Nabe</h2>
			<p class="person-card-detail">Teamleiter Logistik / Vertragsabwicklung</p></div>
	</div>
	<div class="person-card-contact">
					<p class="person-card-phone">
				<a href="tel:+4930300109807" itemprop="telephone" title="Call us">+49 303 0010 9807</a>			</p>
														<p class="person-card-mobile">
					<a href="tel:+491704500221" itemprop="telephone" title="Call us">+49 170 4500 221</a>				</p>
										<p class="person-card-mail">
				<a href="mailto:m&#121;&#107;&#111;l&#97;%2e%6e&#97;%62%65&#64;%67%72&#97;&#110;&#97;&#103;&#114;&#111;%75p.%65&#117;" title="Email us" itemprop="email">&#109;&#121;&#107;&#111;la.nab&#101;&#64;&#103;r&#97;&#110;a&#103;roup&#46;&#101;&#117;</a>			</p>
		
	</div>
			<div class="person-card-languages">
			<span>Languages</span>
			<ul class="languages-list">
									<li><i class="icon-lang icon-lang-de"></i></li>
									<li><i class="icon-lang icon-lang-uk"></i></li>
									<li><i class="icon-lang icon-lang-ru"></i></li>
							</ul>
		</div>
	</div>
</div>



<div class="wp-block-column"></div>



<div class="wp-block-column"></div>
</div>



<p></p>

<p>A nemzetközi logisztikát tekintve a granaagro a szállítás és árufuvarozás terén szerzett sokéves tapasztalatára, valamint a közúti, vasúti, hajózási és raktározási logisztikai vállalatok professzionális és erős hálózatára támaszkodik. Az ügyfeleket minden lépésnél kiválóan képzett és többnyelvű munkatársakból álló csapat kíséri, hogy a szolgáltatásokat az ő egyéni igényeikhez igazíthassuk. Hálózatunkkal együttműködve személyre szabott szállítási megoldásokat kínálunk, [&hellip;]</p>
